{"id":2358,"date":"2026-01-14T08:53:02","date_gmt":"2026-01-14T08:53:02","guid":{"rendered":"https:\/\/een.is\/?post_type=tribe_events&#038;p=2358"},"modified":"2026-01-14T08:55:30","modified_gmt":"2026-01-14T08:55:30","slug":"kynningarfundur-a-styrkja-og-studningsumhverfinu","status":"publish","type":"tribe_events","link":"https:\/\/een.is\/en\/event\/kynningarfundur-a-styrkja-og-studningsumhverfinu\/","title":{"rendered":"Kynningarfundur \u00e1 styrkja- og stu\u00f0ningsumhverfinu"},"content":{"rendered":"<p class=\"_1wc4apv0 _1ovv93d1o3 hdsizx4 hdsizx5d hdsizxe hdsizxo hpuvl23\">Samt\u00f6k i\u00f0na\u00f0arins og Rann\u00eds standa fyrir kynningarfundi um T\u00e6kni\u00fer\u00f3unarsj\u00f3\u00f0 mi\u00f0vikudaginn 28. jan\u00faar kl. 9:00-10:30 \u00ed H\u00fasi atvinnul\u00edfsins, Borgart\u00fani 35, \u00e1 1. h\u00e6\u00f0.<\/p>\n<p class=\"_1wc4apv0 _1ovv93d1o3 hdsizx4 hdsizx5d hdsizxe hdsizxo hpuvl23\">S\u00e9rfr\u00e6\u00f0ingar fr\u00e1 Rann\u00eds munu kynna opinberan stu\u00f0ning til n\u00fdsk\u00f6punarverkefna \u00ed T\u00e6kni\u00fer\u00f3unarsj\u00f3\u00f0i auk t\u00e6kif\u00e6ra \u00e1 erlendum m\u00f6rku\u00f0um.<\/p>\n<ul>\n<li class=\"_1wc4apv0 _1ovv93d1o3 hdsizx4 hdsizx5d hdsizxe hdsizxo hpuvl23\">Styrkir T\u00e6kni\u00fer\u00f3unarsj\u00f3\u00f0s \u2013 Arn\u00fe\u00f3r \u00c6varsson, Rann\u00eds<\/li>\n<li class=\"_1wc4apv0 _1ovv93d1o3 hdsizx4 hdsizx5d hdsizxe hdsizxo hpuvl23\">Skattahvatar ranns\u00f3kna- og \u00fer\u00f3unarverkefna\u2013 Sigur\u00f0ur \u00d3li Sigur\u00f0sson, Rann\u00eds<\/li>\n<li class=\"_1wc4apv0 _1ovv93d1o3 hdsizx4 hdsizx5d hdsizxe hdsizxo hpuvl23\">Styrkir Eurostars og \u00fej\u00f3nusta EEN \u2013 Mj\u00f6ll Waldorf, Rann\u00eds<\/li>\n<li class=\"_1wc4apv0 _1ovv93d1o3 hdsizx4 hdsizx5d hdsizxe hdsizxo hpuvl23\">Reynslusaga styrk\u00feega \u2013 Karl Birgir Bj\u00f6rnsson, framkv\u00e6mdastj\u00f3ri og me\u00f0stofnandiHefring Marine og a\u00f0ildarfyrirt\u00e6ki Samtaka i\u00f0na\u00f0arins<\/li>\n<\/ul>\n<p class=\"_1wc4apv0 _1ovv93d1o3 hdsizx4 hdsizx5d hdsizxe hdsizxo hpuvl23\">Bo\u00f0i\u00f0 ver\u00f0ur upp \u00e1 morgunkaffi og a\u00f0 loknum erindum gefst g\u00f3\u00f0ur t\u00edmi fyrir spurningar, samtal og tengslamyndun.<\/p>\n<p class=\"_1wc4apv0 _1ovv93d1o3 hdsizx4 hdsizx5d hdsizxe hdsizxo hpuvl23\">Vi\u00f0 hl\u00f6kkum til a\u00f0 sj\u00e1 ykkur, en \u00fe\u00e1tttakendur eru be\u00f0nir a\u00f0 skr\u00e1 sig:<\/p>\n<p class=\"_1wc4apv0 _1ovv93d1o3 hdsizx4 hdsizx5d hdsizxe hdsizxo hpuvl23\"><a class=\"t5qbxc0 t5qbxc5 t5qbxc2 t5qbxc3 _80zk4l0 t5qbxc8\" href=\"https:\/\/www.si.is\/upplysingar-og-utgafa\/a-dofinni\/skraning\/nanar\/2170\" target=\"_blank\" rel=\"noopener noreferrer\">Skr\u00e1ning \u00e1 vi\u00f0bur\u00f0<\/a><\/p>\n<p class=\"_1wc4apv0 _1ovv93d1o3 hdsizx4 hdsizx5d hdsizxe hdsizxo hpuvl23\">Fundurinn ver\u00f0ur einnig \u00ed beinu streymi.<\/p>","protected":false},"excerpt":{"rendered":"<p>Samt\u00f6k i\u00f0na\u00f0arins og Rann\u00eds standa fyrir kynningarfundi um T\u00e6kni\u00fer\u00f3unarsj\u00f3\u00f0 mi\u00f0vikudaginn 28. jan\u00faar kl. 9:00-10:30 \u00ed H\u00fasi atvinnul\u00edfsins, Borgart\u00fani 35, \u00e1 1. h\u00e6\u00f0. S\u00e9rfr\u00e6\u00f0ingar fr\u00e1 Rann\u00eds munu kynna opinberan stu\u00f0ning til [&hellip;]<\/p>\n","protected":false},"author":4,"featured_media":0,"template":"","meta":{"_acf_changed":false,"_tribe_events_status":"","_tribe_events_status_reason":"","footnotes":""},"tags":[],"tribe_events_cat":[],"class_list":["post-2358","tribe_events","type-tribe_events","status-publish","hentry"],"acf":[],"_links":{"self":[{"href":"https:\/\/een.is\/en\/wp-json\/wp\/v2\/tribe_events\/2358","targetHints":{"allow":["GET"]}}],"collection":[{"href":"https:\/\/een.is\/en\/wp-json\/wp\/v2\/tribe_events"}],"about":[{"href":"https:\/\/een.is\/en\/wp-json\/wp\/v2\/types\/tribe_events"}],"author":[{"embeddable":true,"href":"https:\/\/een.is\/en\/wp-json\/wp\/v2\/users\/4"}],"version-history":[{"count":3,"href":"https:\/\/een.is\/en\/wp-json\/wp\/v2\/tribe_events\/2358\/revisions"}],"predecessor-version":[{"id":2362,"href":"https:\/\/een.is\/en\/wp-json\/wp\/v2\/tribe_events\/2358\/revisions\/2362"}],"wp:attachment":[{"href":"https:\/\/een.is\/en\/wp-json\/wp\/v2\/media?parent=2358"}],"wp:term":[{"taxonomy":"post_tag","embeddable":true,"href":"https:\/\/een.is\/en\/wp-json\/wp\/v2\/tags?post=2358"},{"taxonomy":"tribe_events_cat","embeddable":true,"href":"https:\/\/een.is\/en\/wp-json\/wp\/v2\/tribe_events_cat?post=2358"}],"curies":[{"name":"wp","href":"https:\/\/api.w.org\/{rel}","templated":true}]}}

Kynningarfundur á styrkja- og stuðningsumhverfinu

<p class="_1wc4apv0 _1ovv93d1o3 hdsizx4 hdsizx5d hdsizxe hdsizxo hpuvl23">Samtök iðnaðarins og Rannís standa fyrir kynningarfundi um Tækniþróunarsjóð miðvikudaginn 28. janúar kl. 9:00-10:30 í Húsi atvinnulífsins, Borgartúni 35, á 1. hæð.</p>
<p class="_1wc4apv0 _1ovv93d1o3 hdsizx4 hdsizx5d hdsizxe hdsizxo hpuvl23">Sérfræðingar frá Rannís munu kynna opinberan stuðning til nýsköpunarverkefna í Tækniþróunarsjóði auk tækifæra á erlendum mörkuðum.</p>
<ul>
<li class="_1wc4apv0 _1ovv93d1o3 hdsizx4 hdsizx5d hdsizxe hdsizxo hpuvl23">Styrkir Tækniþróunarsjóðs – Arnþór Ævarsson, Rannís</li>
<li class="_1wc4apv0 _1ovv93d1o3 hdsizx4 hdsizx5d hdsizxe hdsizxo hpuvl23">Skattahvatar rannsókna- og þróunarverkefna– Sigurður Óli Sigurðsson, Rannís</li>
<li class="_1wc4apv0 _1ovv93d1o3 hdsizx4 hdsizx5d hdsizxe hdsizxo hpuvl23">Styrkir Eurostars og þjónusta EEN – Mjöll Waldorf, Rannís</li>
<li class="_1wc4apv0 _1ovv93d1o3 hdsizx4 hdsizx5d hdsizxe hdsizxo hpuvl23">Reynslusaga styrkþega – Karl Birgir Björnsson, framkvæmdastjóri og meðstofnandiHefring Marine og aðildarfyrirtæki Samtaka iðnaðarins</li>
</ul>
<p class="_1wc4apv0 _1ovv93d1o3 hdsizx4 hdsizx5d hdsizxe hdsizxo hpuvl23">Boðið verður upp á morgunkaffi og að loknum erindum gefst góður tími fyrir spurningar, samtal og tengslamyndun.</p>
<p class="_1wc4apv0 _1ovv93d1o3 hdsizx4 hdsizx5d hdsizxe hdsizxo hpuvl23">Við hlökkum til að sjá ykkur, en þátttakendur eru beðnir að skrá sig:</p>
<p class="_1wc4apv0 _1ovv93d1o3 hdsizx4 hdsizx5d hdsizxe hdsizxo hpuvl23"><a class="t5qbxc0 t5qbxc5 t5qbxc2 t5qbxc3 _80zk4l0 t5qbxc8" href="https://www.si.is/upplysingar-og-utgafa/a-dofinni/skraning/nanar/2170" target="_blank" rel="noopener noreferrer">Skráning á viðburð</a></p>
<p class="_1wc4apv0 _1ovv93d1o3 hdsizx4 hdsizx5d hdsizxe hdsizxo hpuvl23">Fundurinn verður einnig í beinu streymi.</p>

<p>Samtök iðnaðarins og Rannís standa fyrir kynningarfundi um Tækniþróunarsjóð miðvikudaginn 28. janúar kl. 9:00-10:30 í Húsi atvinnulífsins, Borgartúni 35, á 1. hæð. Sérfræðingar frá Rannís munu kynna opinberan stuðning til [&hellip;]</p>
