{"id":2334,"date":"2026-01-09T13:38:56","date_gmt":"2026-01-09T13:38:56","guid":{"rendered":"https:\/\/een.is\/?post_type=tribe_events&#038;p=2334"},"modified":"2026-01-09T13:40:01","modified_gmt":"2026-01-09T13:40:01","slug":"fra-vidskiptahugmynd-til-fjarmognunar-2","status":"publish","type":"tribe_events","link":"https:\/\/een.is\/en\/event\/fra-vidskiptahugmynd-til-fjarmognunar-2\/","title":{"rendered":"Fr\u00e1 vi\u00f0skiptahugmynd til fj\u00e1rm\u00f6gnunar"},"content":{"rendered":"<div class=\"elementor-element elementor-element-fcb2bec elementor-widget elementor-widget-text-editor\" data-id=\"fcb2bec\" data-element_type=\"widget\" data-widget_type=\"text-editor.default\">\n<div class=\"elementor-widget-container\">\n<p>Mi\u00f0st\u00f6\u00f0 stafr\u00e6nnar n\u00fdsk\u00f6punar \u00e1 \u00cdslandi (EDIH) og Enterprise Europe Network \u00e1 \u00cdslandi standa fyrir \u201emaster class\u201c n\u00e1mskei\u00f0i \u00ed samstarfi vi\u00f0 Gate2Growth dagana 2.-3. desember \u00ed Hannesarholti vi\u00f0 Grundarst\u00edg 1. Fyrri dagurinn stendur fr\u00e1 kl. 10-16, en bo\u00f0i\u00f0 er upp \u00e1 einstaklingsr\u00e1\u00f0gj\u00f6f seinni daginn. Athugi\u00f0, \u00fea\u00f0 er takmarka\u00f0 pl\u00e1ss \u00ed einstaklingsr\u00e1\u00f0gj\u00f6fina og ver\u00f0ur fundart\u00edmum \u00fathluta\u00f0 \u00ed \u00feeirri r\u00f6\u00f0 sem fyrirspurnir berast.<\/p>\n<p>Markmi\u00f0 n\u00e1mskei\u00f0sins er a\u00f0 lei\u00f0beina \u00fe\u00e1tttakendum vi\u00f0 a\u00f0 \u00fer\u00f3a \u00f6flugt vi\u00f0skiptam\u00f3del, setja fram faglega vi\u00f0skipta\u00e1\u00e6tlun og l\u00e6ra a\u00f0 velja r\u00e9ttar fj\u00e1rm\u00f6gnunara\u00f0fer\u00f0ir. Fari\u00f0 ver\u00f0ur yfir hringr\u00e1sar- og l\u00ednuleg vi\u00f0skiptam\u00f3del, \u00e1skoranir opinberra innkaupa og hvernig fyrirt\u00e6ki geti sameina\u00f0 einkafj\u00e1rfestingu og opinbera styrki.<\/p>\n<p>S\u00e9rst\u00f6k \u00e1hersla er l\u00f6g\u00f0 \u00e1:<\/p>\n<ul>\n<li>Hvernig \u00e1 a\u00f0 la\u00f0a a\u00f0 fj\u00e1rfesta<\/li>\n<li>Fj\u00e1rhags\u00e1\u00e6tlanir og lausafj\u00e1rgreiningu<\/li>\n<li>Helstu ESB-styrki<\/li>\n<li>Hvers vegna og hven\u00e6r \u00e1 a\u00f0 taka \u00fe\u00e1tt \u00ed al\u00fej\u00f3\u00f0legum samstarfsverkefnum<\/li>\n<\/ul>\n<p><strong>Dr\u00f6g a\u00f0 dagskr\u00e1<br \/>\n<\/strong><\/p>\n<p><em>\u00deri\u00f0judagur, 2. desember\u00a0<\/em><\/p>\n<ul>\n<li>09.30 H\u00fasi\u00f0 opnar<\/li>\n<li>10.00-12.30 Fj\u00e1rm\u00f6gnunarlandslagi\u00f0 og hringr\u00e1sar\/l\u00ednuleg vi\u00f0skiptam\u00f3del, vi\u00f0skipta\u00e1\u00e6tlun<\/li>\n<li>12.30-13.00 H\u00e1degismatur<\/li>\n<li>13.00-15.30\u00a0A\u00f0 la\u00f0a a\u00f0 fj\u00e1rfesta me\u00f0 sterku vi\u00f0skiptam\u00f3deli, opinberir styrkir \/ ESB-styrkir, b\u00f6l e\u00f0a blessun<\/li>\n<\/ul>\n<p><em>Mi\u00f0vikudagur, 3. desember<\/em><\/p>\n<ul>\n<li>09.30 H\u00fasi\u00f0 opnar<\/li>\n<li>Einstaklingsr\u00e1\u00f0gj\u00f6f, s\u00e9r skr\u00e1ning og h\u00e9r gildir fyrstur kemur fyrstur f\u00e6r.<\/li>\n<\/ul>\n<p><strong>Lei\u00f0beinandi<\/strong><br \/>\nUffe Bundgaard-Joergensen, forstj\u00f3ri Gate2Growth og s\u00e9rfr\u00e6\u00f0ingur \u00ed fj\u00e1rm\u00f6gnun n\u00fdsk\u00f6punarfyrirt\u00e6kja \u00ed Evr\u00f3pu.<br \/>\nUffe er me\u00f0 doktorsgr\u00e1\u00f0u \u00ed hagfr\u00e6\u00f0i og rekstrarranns\u00f3knum fr\u00e1 Kaupmannahafnarh\u00e1sk\u00f3la og T\u00e6knih\u00e1sk\u00f3la Danmerkur. Hann hefur starfa\u00f0 sem r\u00e1\u00f0gjafi, ranns\u00f3knarstj\u00f3ri, framkv\u00e6mdastj\u00f3ri og stj\u00f3rnandi \u00ed b\u00e6\u00f0i einka- og opinbera geiranum. Hann er me\u00f0limur V\u00edsindaakadem\u00edu Danmerkur og var \u00ed 15 \u00e1r forma\u00f0ur danska orkum\u00e1laeftirlitsins. Hann hefur einnig starfa\u00f0 sem al\u00fej\u00f3\u00f0legur r\u00e1\u00f0gjafi \u00ed Afr\u00edku, As\u00edu og Su\u00f0ur-Amer\u00edku.<\/p>\n<p><strong>N\u00e1mskei\u00f0i\u00f0 fer fram \u00e1 ensku<\/strong><\/p>\n<p><strong>N\u00e1msskei\u00f0sgjald:<\/strong> 4.990 kr.<br \/>\nInnifali\u00f0: H\u00e1degismatur, hressing og \u00f6ll g\u00f6gn, \u00fear me\u00f0 tali\u00f0:<br \/>\nEU-verkefnask\u00fdrslan <em>Circular &amp; Linear Business Cases and Public Procurement Challenges.<\/em><br \/>\nA\u00f0gangur a\u00f0 G2G Business Plan Writer og fj\u00e1rhags\u00e1\u00e6tlunarm\u00f3d\u00fal \u00ed 3 m\u00e1nu\u00f0i.<\/p>\n<\/div>\n<p>N\u00e1mskei\u00f0inu l\u00fdkur me\u00f0 einstaklingsr\u00e1\u00f0gj\u00f6f \u00fear sem \u00fe\u00e1tttakendur geta fengi\u00f0 markvissa endurgj\u00f6f \u00e1 eigin verkefni. S\u00e9rst\u00f6k skr\u00e1ning er \u00ed gegnum netfangi\u00f0 hj\u00e1 Kolfinnu T\u00f3masd\u00f3ttur, <a href=\"mailto:kolfinna.tomasdottir@rannis.is\">kolfinna.tomasdottir@rannis.is \u00a0<\/a><br \/>\nVinsamlegast sendi\u00f0 stutta l\u00fdsingu \u00e1 verkefninu ykkar \u00e1 ensku vi\u00f0 skr\u00e1ning.<\/p>\n<\/div>","protected":false},"excerpt":{"rendered":"<p>Mi\u00f0st\u00f6\u00f0 stafr\u00e6nnar n\u00fdsk\u00f6punar \u00e1 \u00cdslandi (EDIH) og Enterprise Europe Network \u00e1 \u00cdslandi standa fyrir \u201emaster class\u201c n\u00e1mskei\u00f0i \u00ed samstarfi vi\u00f0 Gate2Growth dagana 2.-3. desember \u00ed Hannesarholti vi\u00f0 Grundarst\u00edg 1. Fyrri [&hellip;]<\/p>\n","protected":false},"author":4,"featured_media":2255,"template":"","meta":{"_acf_changed":false,"_tribe_events_status":"","_tribe_events_status_reason":"","footnotes":""},"tags":[],"tribe_events_cat":[32],"class_list":["post-2334","tribe_events","type-tribe_events","status-publish","has-post-thumbnail","hentry","tribe_events_cat-dagatal","cat_dagatal"],"acf":[],"_links":{"self":[{"href":"https:\/\/een.is\/en\/wp-json\/wp\/v2\/tribe_events\/2334","targetHints":{"allow":["GET"]}}],"collection":[{"href":"https:\/\/een.is\/en\/wp-json\/wp\/v2\/tribe_events"}],"about":[{"href":"https:\/\/een.is\/en\/wp-json\/wp\/v2\/types\/tribe_events"}],"author":[{"embeddable":true,"href":"https:\/\/een.is\/en\/wp-json\/wp\/v2\/users\/4"}],"version-history":[{"count":1,"href":"https:\/\/een.is\/en\/wp-json\/wp\/v2\/tribe_events\/2334\/revisions"}],"predecessor-version":[{"id":2335,"href":"https:\/\/een.is\/en\/wp-json\/wp\/v2\/tribe_events\/2334\/revisions\/2335"}],"wp:featuredmedia":[{"embeddable":true,"href":"https:\/\/een.is\/en\/wp-json\/wp\/v2\/media\/2255"}],"wp:attachment":[{"href":"https:\/\/een.is\/en\/wp-json\/wp\/v2\/media?parent=2334"}],"wp:term":[{"taxonomy":"post_tag","embeddable":true,"href":"https:\/\/een.is\/en\/wp-json\/wp\/v2\/tags?post=2334"},{"taxonomy":"tribe_events_cat","embeddable":true,"href":"https:\/\/een.is\/en\/wp-json\/wp\/v2\/tribe_events_cat?post=2334"}],"curies":[{"name":"wp","href":"https:\/\/api.w.org\/{rel}","templated":true}]}}

Frá viðskiptahugmynd til fjármögnunar

<div class="elementor-element elementor-element-fcb2bec elementor-widget elementor-widget-text-editor" data-id="fcb2bec" data-element_type="widget" data-widget_type="text-editor.default">
<div class="elementor-widget-container">
<p>Miðstöð stafrænnar nýsköpunar á Íslandi (EDIH) og Enterprise Europe Network á Íslandi standa fyrir „master class“ námskeiði í samstarfi við Gate2Growth dagana 2.-3. desember í Hannesarholti við Grundarstíg 1. Fyrri dagurinn stendur frá kl. 10-16, en boðið er upp á einstaklingsráðgjöf seinni daginn. Athugið, það er takmarkað pláss í einstaklingsráðgjöfina og verður fundartímum úthlutað í þeirri röð sem fyrirspurnir berast.</p>
<p>Markmið námskeiðsins er að leiðbeina þátttakendum við að þróa öflugt viðskiptamódel, setja fram faglega viðskiptaáætlun og læra að velja réttar fjármögnunaraðferðir. Farið verður yfir hringrásar- og línuleg viðskiptamódel, áskoranir opinberra innkaupa og hvernig fyrirtæki geti sameinað einkafjárfestingu og opinbera styrki.</p>
<p>Sérstök áhersla er lögð á:</p>
<ul>
<li>Hvernig á að laða að fjárfesta</li>
<li>Fjárhagsáætlanir og lausafjárgreiningu</li>
<li>Helstu ESB-styrki</li>
<li>Hvers vegna og hvenær á að taka þátt í alþjóðlegum samstarfsverkefnum</li>
</ul>
<p><strong>Drög að dagskrá<br />
</strong></p>
<p><em>Þriðjudagur, 2. desember </em></p>
<ul>
<li>09.30 Húsið opnar</li>
<li>10.00-12.30 Fjármögnunarlandslagið og hringrásar/línuleg viðskiptamódel, viðskiptaáætlun</li>
<li>12.30-13.00 Hádegismatur</li>
<li>13.00-15.30 Að laða að fjárfesta með sterku viðskiptamódeli, opinberir styrkir / ESB-styrkir, böl eða blessun</li>
</ul>
<p><em>Miðvikudagur, 3. desember</em></p>
<ul>
<li>09.30 Húsið opnar</li>
<li>Einstaklingsráðgjöf, sér skráning og hér gildir fyrstur kemur fyrstur fær.</li>
</ul>
<p><strong>Leiðbeinandi</strong><br />
Uffe Bundgaard-Joergensen, forstjóri Gate2Growth og sérfræðingur í fjármögnun nýsköpunarfyrirtækja í Evrópu.<br />
Uffe er með doktorsgráðu í hagfræði og rekstrarrannsóknum frá Kaupmannahafnarháskóla og Tækniháskóla Danmerkur. Hann hefur starfað sem ráðgjafi, rannsóknarstjóri, framkvæmdastjóri og stjórnandi í bæði einka- og opinbera geiranum. Hann er meðlimur Vísindaakademíu Danmerkur og var í 15 ár formaður danska orkumálaeftirlitsins. Hann hefur einnig starfað sem alþjóðlegur ráðgjafi í Afríku, Asíu og Suður-Ameríku.</p>
<p><strong>Námskeiðið fer fram á ensku</strong></p>
<p><strong>Námsskeiðsgjald:</strong> 4.990 kr.<br />
Innifalið: Hádegismatur, hressing og öll gögn, þar með talið:<br />
EU-verkefnaskýrslan <em>Circular &amp; Linear Business Cases and Public Procurement Challenges.</em><br />
Aðgangur að G2G Business Plan Writer og fjárhagsáætlunarmódúl í 3 mánuði.</p>
</div>
<p>Námskeiðinu lýkur með einstaklingsráðgjöf þar sem þátttakendur geta fengið markvissa endurgjöf á eigin verkefni. Sérstök skráning er í gegnum netfangið hjá Kolfinnu Tómasdóttur, <a href="mailto:kolfinna.tomasdottir@rannis.is">kolfinna.tomasdottir@rannis.is  </a><br />
Vinsamlegast sendið stutta lýsingu á verkefninu ykkar á ensku við skráning.</p>
</div>

<p>Miðstöð stafrænnar nýsköpunar á Íslandi (EDIH) og Enterprise Europe Network á Íslandi standa fyrir „master class“ námskeiði í samstarfi við Gate2Growth dagana 2.-3. desember í Hannesarholti við Grundarstíg 1. Fyrri [&hellip;]</p>
