{"id":1679,"date":"2024-05-07T12:38:59","date_gmt":"2024-05-07T12:38:59","guid":{"rendered":"https:\/\/een.is\/?post_type=tribe_events&#038;p=1679"},"modified":"2024-05-07T12:41:02","modified_gmt":"2024-05-07T12:41:02","slug":"esb-business-hub-japan-og-sudur-korea","status":"publish","type":"tribe_events","link":"https:\/\/een.is\/en\/event\/esb-business-hub-japan-og-sudur-korea\/","title":{"rendered":"ESB Business Hub &#8211; Japan og Su\u00f0ur-K\u00f3rea"},"content":{"rendered":"<p>Marka\u00f0st\u00e6kif\u00e6ri \u00ed Japan og Su\u00f0ur-K\u00f3reu &#8211; ESB Business Hub &#8211; Japan og Su\u00f0ur-K\u00f3rea<\/p>\n<p>Fyrirt\u00e6ki sem vinna a\u00f0 gr\u00e6num lausnum, \u00e1 stafr\u00e6na svi\u00f0inu og \u00ed heilbrig\u00f0isgreiranum, h\u00e9r er lei\u00f0 inn \u00e1 marka\u00f0 \u00ed Japan og Su\u00f0ur-K\u00f3reu.<\/p>\n<p>Evr\u00f3pusambandi\u00f0 styrkir ESB Business Hub &#8211; Japan og Su\u00f0ur-K\u00f3rea<\/p>\n<p>\u00c1 n\u00e6stu fj\u00f3rum \u00e1rum ver\u00f0a skipulag\u00f0ar 10 vi\u00f0skiptafer\u00f0ir til Japans og 10 fer\u00f0ir til Su\u00f0ur-K\u00f3reu. Alls geta 50 fyrirt\u00e6ki teki\u00f0 \u00fe\u00e1tt \u00ed hverri fer\u00f0 og nj\u00f3ta um lei\u00f0 vi\u00f0skipta\u00fej\u00e1lfunar. H\u00e9r er \u00fev\u00ed t\u00e6kif\u00e6ri til a\u00f0 kanna marka\u00f0inn, auka s\u00fdnileika, tengslanet og \u00fer\u00f3a stefnum\u00f3tandi samstarf!<\/p>\n<p>Japan er fj\u00f3r\u00f0a st\u00e6rsta hagkerfi heimsins og b\u00fd\u00f0ur upp \u00e1 a\u00f0la\u00f0andi marka\u00f0 fyrir ESB fyrirt\u00e6ki og v\u00f6rur \u00feeirra, \u00fej\u00f3nustu og fj\u00e1rfestingar. Su\u00f0ur-K\u00f3rea er 10. st\u00e6rsta hagkerfi \u00ed heiminum og er einnig efnahagslegur samstarfsa\u00f0ili ESB.<\/p>\n<p>Fulltr\u00faar fr\u00e1 framkv\u00e6mdastj\u00f3rn Evr\u00f3pusambandsins, a\u00f0ildarr\u00edkjum ESB og lei\u00f0togum fyrirt\u00e6kja me\u00f0 \u00e1rangursr\u00edk verkefni \u00ed Japan og Su\u00f0ur-K\u00f3reu munu kynna markmi\u00f0 og \u00e1vinning \u00e1\u00e6tlunarinnar.<\/p>","protected":false},"excerpt":{"rendered":"<p>Marka\u00f0st\u00e6kif\u00e6ri \u00ed Japan og Su\u00f0ur-K\u00f3reu &#8211; ESB Business Hub &#8211; Japan og Su\u00f0ur-K\u00f3rea Fyrirt\u00e6ki sem vinna a\u00f0 gr\u00e6num lausnum, \u00e1 stafr\u00e6na svi\u00f0inu og \u00ed heilbrig\u00f0isgreiranum, h\u00e9r er lei\u00f0 inn \u00e1 [&hellip;]<\/p>\n","protected":false},"author":4,"featured_media":1680,"template":"","meta":{"_acf_changed":false,"_tribe_events_status":"","_tribe_events_status_reason":"","footnotes":""},"tags":[],"tribe_events_cat":[],"class_list":["post-1679","tribe_events","type-tribe_events","status-publish","has-post-thumbnail","hentry"],"acf":[],"_links":{"self":[{"href":"https:\/\/een.is\/en\/wp-json\/wp\/v2\/tribe_events\/1679","targetHints":{"allow":["GET"]}}],"collection":[{"href":"https:\/\/een.is\/en\/wp-json\/wp\/v2\/tribe_events"}],"about":[{"href":"https:\/\/een.is\/en\/wp-json\/wp\/v2\/types\/tribe_events"}],"author":[{"embeddable":true,"href":"https:\/\/een.is\/en\/wp-json\/wp\/v2\/users\/4"}],"version-history":[{"count":1,"href":"https:\/\/een.is\/en\/wp-json\/wp\/v2\/tribe_events\/1679\/revisions"}],"predecessor-version":[{"id":1682,"href":"https:\/\/een.is\/en\/wp-json\/wp\/v2\/tribe_events\/1679\/revisions\/1682"}],"wp:featuredmedia":[{"embeddable":true,"href":"https:\/\/een.is\/en\/wp-json\/wp\/v2\/media\/1680"}],"wp:attachment":[{"href":"https:\/\/een.is\/en\/wp-json\/wp\/v2\/media?parent=1679"}],"wp:term":[{"taxonomy":"post_tag","embeddable":true,"href":"https:\/\/een.is\/en\/wp-json\/wp\/v2\/tags?post=1679"},{"taxonomy":"tribe_events_cat","embeddable":true,"href":"https:\/\/een.is\/en\/wp-json\/wp\/v2\/tribe_events_cat?post=1679"}],"curies":[{"name":"wp","href":"https:\/\/api.w.org\/{rel}","templated":true}]}}

ESB Business Hub &#8211; Japan og Suður-Kórea

<p>Markaðstækifæri í Japan og Suður-Kóreu &#8211; ESB Business Hub &#8211; Japan og Suður-Kórea</p>
<p>Fyrirtæki sem vinna að grænum lausnum, á stafræna sviðinu og í heilbrigðisgreiranum, hér er leið inn á markað í Japan og Suður-Kóreu.</p>
<p>Evrópusambandið styrkir ESB Business Hub &#8211; Japan og Suður-Kórea</p>
<p>Á næstu fjórum árum verða skipulagðar 10 viðskiptaferðir til Japans og 10 ferðir til Suður-Kóreu. Alls geta 50 fyrirtæki tekið þátt í hverri ferð og njóta um leið viðskiptaþjálfunar. Hér er því tækifæri til að kanna markaðinn, auka sýnileika, tengslanet og þróa stefnumótandi samstarf!</p>
<p>Japan er fjórða stærsta hagkerfi heimsins og býður upp á aðlaðandi markað fyrir ESB fyrirtæki og vörur þeirra, þjónustu og fjárfestingar. Suður-Kórea er 10. stærsta hagkerfi í heiminum og er einnig efnahagslegur samstarfsaðili ESB.</p>
<p>Fulltrúar frá framkvæmdastjórn Evrópusambandsins, aðildarríkjum ESB og leiðtogum fyrirtækja með árangursrík verkefni í Japan og Suður-Kóreu munu kynna markmið og ávinning áætlunarinnar.</p>

<p>Markaðstækifæri í Japan og Suður-Kóreu &#8211; ESB Business Hub &#8211; Japan og Suður-Kórea Fyrirtæki sem vinna að grænum lausnum, á stafræna sviðinu og í heilbrigðisgreiranum, hér er leið inn á [&hellip;]</p>
