{"id":1674,"date":"2024-05-07T12:25:59","date_gmt":"2024-05-07T12:25:59","guid":{"rendered":"https:\/\/een.is\/?post_type=tribe_events&#038;p=1674"},"modified":"2024-05-07T12:25:59","modified_gmt":"2024-05-07T12:25:59","slug":"vidskiptasamstarf-og-graeni-samningurinn-i-evropu","status":"publish","type":"tribe_events","link":"https:\/\/een.is\/en\/event\/vidskiptasamstarf-og-graeni-samningurinn-i-evropu\/","title":{"rendered":"Vi\u00f0skiptasamstarf og gr\u00e6ni samningurinn \u00ed Evr\u00f3pu"},"content":{"rendered":"<p>Uppbyggingarsj\u00f3\u00f0ur EES stendur fyrir tveggja daga r\u00e1\u00f0stefnu og fyrirt\u00e6kjastefnum\u00f3ti \u00ed Sofiu, B\u00falgar\u00edu 4.-5. j\u00fan\u00ed um\u00a0vi\u00f0skiptat\u00e6kif\u00e6ri gr\u00e6na ESB samningsins (e. EU Green Deal)<\/p>\n<p>Markmi\u00f0 r\u00e1\u00f0stefnunnar er a\u00f0 kanna og skapa n\u00fd, gr\u00e6n vi\u00f0skiptat\u00e6kif\u00e6ri, sem stu\u00f0la a\u00f0 sj\u00e1lfb\u00e6rri og samkeppnish\u00e6fri Evr\u00f3pu, \u00ed samr\u00e6mi vi\u00f0 gr\u00e6na samninginn \u00ed Evr\u00f3pu.<\/p>\n<p>\u00c1herslu\u00fe\u00e6ttir:<\/p>\n<ul>\n<li>Hlutverk kolefnisf\u00f6ngunar og bindingar (e. The Role of Carbon Capture and Storage)<\/li>\n<li>Stafr\u00e6n umbreyting sj\u00e1lfb\u00e6ra bl\u00e1a hagkerfisins (e. Digitalisation of the Sustainable Blue Economy)<\/li>\n<li>Hr\u00e1efni (e. Raw Materials)<\/li>\n<li>Vetni fyrir gr\u00e6nar samg\u00f6ngur (e. Hydrogen for Greening Transportation)<\/li>\n<\/ul>\n<p>Fyrir hverja: R\u00e1\u00f0stefnan og fyrirt\u00e6kjastefnum\u00f3ti\u00f0 er skipulagt fyrir 12 Evr\u00f3pul\u00f6nd, \u00fea\u00f0 er B\u00falgar\u00eda, Kr\u00f3at\u00eda, Eistland, Grikkland, \u00cdsland, Lettland, Lith\u00e1en, Noregur, P\u00f3lland, Port\u00fagal, R\u00famen\u00eda og Sl\u00f3vak\u00eda.<\/p>\n<p><strong>Veittir ver\u00f0a allt a\u00f0\u00a0t\u00edu fer\u00f0astyrkir fyrir a\u00f0ila fr\u00e1 \u00cdslandi til \u00fe\u00e1ttt\u00f6ku \u00e1 sta\u00f0num,<\/strong> hver fer\u00f0astyrkur nemur a\u00f0 h\u00e1marki 1.800 \u20ac (lump sum).<\/p>\n<p>N\u00e1nari uppl\u00fdsingar og skr\u00e1ning:\u00a0<a class=\"fui-Link ___1rxvrpe f2hkw1w f3rmtva f1ewtqcl fyind8e f1k6fduh f1w7gpdv fk6fouc fjoy568 figsok6 f1hu3pq6 f11qmguv f19f4twv f1tyq0we f1g0x7ka fhxju0i f1qch9an f1cnd47f fqv5qza f1vmzxwi f1o700av f13mvf36 f1cmlufx f9n3di6 f1ids18y f1tx3yz7 f1deo86v f1eh06m1 f1iescvh fhgqx19 f1olyrje f1p93eir f1nev41a f1h8hb77 f1lqvz6u f10aw75t fsle3fq f17ae5zn\" title=\"https:\/\/www.b2match.com\/e\/innovation-norway-matchmaking-event\" href=\"https:\/\/www.b2match.com\/e\/innovation-norway-matchmaking-event\" target=\"_blank\" rel=\"noreferrer noopener\" aria-label=\"Link Home | EEA and Norway Grants: Business Cooperation and the European Green Deal (b2match.com)\">Home | EEA and Norway Grants: Business Cooperation and the European Green Deal (b2match.com)<\/a><\/p>\n<p>Strykir EEA og Norway Grant mi\u00f0a a\u00f0 \u00fev\u00ed a\u00f0 draga \u00far efnahagslegu og f\u00e9lagslegu misr\u00e6mi \u00ed Evr\u00f3pu og efla tv\u00edhli\u00f0a samskipti Noregs, \u00cdslands og Liechtenstein og styrk\u00feegal\u00f6ndin.<\/p>","protected":false},"excerpt":{"rendered":"<p>Uppbyggingarsj\u00f3\u00f0ur EES stendur fyrir tveggja daga r\u00e1\u00f0stefnu og fyrirt\u00e6kjastefnum\u00f3ti \u00ed Sofiu, B\u00falgar\u00edu 4.-5. j\u00fan\u00ed um\u00a0vi\u00f0skiptat\u00e6kif\u00e6ri gr\u00e6na ESB samningsins (e. EU Green Deal) Markmi\u00f0 r\u00e1\u00f0stefnunnar er a\u00f0 kanna og skapa n\u00fd, [&hellip;]<\/p>\n","protected":false},"author":4,"featured_media":1675,"template":"","meta":{"_acf_changed":false,"_tribe_events_status":"","_tribe_events_status_reason":"","footnotes":""},"tags":[24,39,38,37],"tribe_events_cat":[36,35],"class_list":["post-1674","tribe_events","type-tribe_events","status-publish","has-post-thumbnail","hentry","tag-b2bmatchmaking","tag-digitalisation","tag-eugreendeal","tag-sustainability","tribe_events_cat-fyrirtaekjastefnumot","tribe_events_cat-radstefna","cat_fyrirtaekjastefnumot","cat_radstefna"],"acf":[],"_links":{"self":[{"href":"https:\/\/een.is\/en\/wp-json\/wp\/v2\/tribe_events\/1674","targetHints":{"allow":["GET"]}}],"collection":[{"href":"https:\/\/een.is\/en\/wp-json\/wp\/v2\/tribe_events"}],"about":[{"href":"https:\/\/een.is\/en\/wp-json\/wp\/v2\/types\/tribe_events"}],"author":[{"embeddable":true,"href":"https:\/\/een.is\/en\/wp-json\/wp\/v2\/users\/4"}],"version-history":[{"count":1,"href":"https:\/\/een.is\/en\/wp-json\/wp\/v2\/tribe_events\/1674\/revisions"}],"predecessor-version":[{"id":1678,"href":"https:\/\/een.is\/en\/wp-json\/wp\/v2\/tribe_events\/1674\/revisions\/1678"}],"wp:featuredmedia":[{"embeddable":true,"href":"https:\/\/een.is\/en\/wp-json\/wp\/v2\/media\/1675"}],"wp:attachment":[{"href":"https:\/\/een.is\/en\/wp-json\/wp\/v2\/media?parent=1674"}],"wp:term":[{"taxonomy":"post_tag","embeddable":true,"href":"https:\/\/een.is\/en\/wp-json\/wp\/v2\/tags?post=1674"},{"taxonomy":"tribe_events_cat","embeddable":true,"href":"https:\/\/een.is\/en\/wp-json\/wp\/v2\/tribe_events_cat?post=1674"}],"curies":[{"name":"wp","href":"https:\/\/api.w.org\/{rel}","templated":true}]}}

Viðskiptasamstarf og græni samningurinn í Evrópu

<p>Uppbyggingarsjóður EES stendur fyrir tveggja daga ráðstefnu og fyrirtækjastefnumóti í Sofiu, Búlgaríu 4.-5. júní um viðskiptatækifæri græna ESB samningsins (e. EU Green Deal)</p>
<p>Markmið ráðstefnunnar er að kanna og skapa ný, græn viðskiptatækifæri, sem stuðla að sjálfbærri og samkeppnishæfri Evrópu, í samræmi við græna samninginn í Evrópu.</p>
<p>Áhersluþættir:</p>
<ul>
<li>Hlutverk kolefnisföngunar og bindingar (e. The Role of Carbon Capture and Storage)</li>
<li>Stafræn umbreyting sjálfbæra bláa hagkerfisins (e. Digitalisation of the Sustainable Blue Economy)</li>
<li>Hráefni (e. Raw Materials)</li>
<li>Vetni fyrir grænar samgöngur (e. Hydrogen for Greening Transportation)</li>
</ul>
<p>Fyrir hverja: Ráðstefnan og fyrirtækjastefnumótið er skipulagt fyrir 12 Evrópulönd, það er Búlgaría, Króatía, Eistland, Grikkland, Ísland, Lettland, Litháen, Noregur, Pólland, Portúgal, Rúmenía og Slóvakía.</p>
<p><strong>Veittir verða allt að tíu ferðastyrkir fyrir aðila frá Íslandi til þátttöku á staðnum,</strong> hver ferðastyrkur nemur að hámarki 1.800 € (lump sum).</p>
<p>Nánari upplýsingar og skráning: <a class="fui-Link ___1rxvrpe f2hkw1w f3rmtva f1ewtqcl fyind8e f1k6fduh f1w7gpdv fk6fouc fjoy568 figsok6 f1hu3pq6 f11qmguv f19f4twv f1tyq0we f1g0x7ka fhxju0i f1qch9an f1cnd47f fqv5qza f1vmzxwi f1o700av f13mvf36 f1cmlufx f9n3di6 f1ids18y f1tx3yz7 f1deo86v f1eh06m1 f1iescvh fhgqx19 f1olyrje f1p93eir f1nev41a f1h8hb77 f1lqvz6u f10aw75t fsle3fq f17ae5zn" title="https://www.b2match.com/e/innovation-norway-matchmaking-event" href="https://www.b2match.com/e/innovation-norway-matchmaking-event" target="_blank" rel="noreferrer noopener" aria-label="Link Home | EEA and Norway Grants: Business Cooperation and the European Green Deal (b2match.com)">Home | EEA and Norway Grants: Business Cooperation and the European Green Deal (b2match.com)</a></p>
<p>Strykir EEA og Norway Grant miða að því að draga úr efnahagslegu og félagslegu misræmi í Evrópu og efla tvíhliða samskipti Noregs, Íslands og Liechtenstein og styrkþegalöndin.</p>

<p>Uppbyggingarsjóður EES stendur fyrir tveggja daga ráðstefnu og fyrirtækjastefnumóti í Sofiu, Búlgaríu 4.-5. júní um viðskiptatækifæri græna ESB samningsins (e. EU Green Deal) Markmið ráðstefnunnar er að kanna og skapa ný, [&hellip;]</p>
