{"id":1510,"date":"2024-05-04T16:55:34","date_gmt":"2024-05-04T16:55:34","guid":{"rendered":"https:\/\/een.is\/?post_type=tribe_events&#038;p=1510"},"modified":"2024-05-05T10:24:59","modified_gmt":"2024-05-05T10:24:59","slug":"iceland-geothermal-conference-2024","status":"publish","type":"tribe_events","link":"https:\/\/een.is\/en\/event\/iceland-geothermal-conference-2024\/","title":{"rendered":"Fyrirt\u00e6kjastefnum\u00f3t \u00e1 Iceland Geothermal Conference 2024"},"content":{"rendered":"<p>Enterprise Europe Network heldur fyrirt\u00e6kjastefnum\u00f3t \u00ed tengslum vi\u00f0 jar\u00f0varmar\u00e1\u00f0stefnuna, Iceland Geothermal Conference \u00ed H\u00f6rpu 30. ma\u00ed 2024. Orkuklasinn hefur veg og vanda af r\u00e1\u00f0stefnuhaldinu, en h\u00fan er a\u00f0 jafna\u00f0i haldin \u00e1 2-3 \u00e1ra fresti. \u00deetta er \u00ed fimmta sinn sem h\u00fan er haldin h\u00e9r \u00e1 landi og er r\u00e1\u00f0stefnan \u00feegar or\u00f0in einn helsti umr\u00e6\u00f0uvettvangur jar\u00f0varma og endurn\u00fdjanlegrar orku \u00ed heiminum \u00ed dag.<\/p>\n<p>Fyrirt\u00e6kjastefnum\u00f3ti\u00f0 er gjaldfrj\u00e1lst og er s\u00e9rst\u00f6k skr\u00e1ning \u00e1 vi\u00f0bur\u00f0inn \u00ed gegnum vefs\u00ed\u00f0u IGC r\u00e1\u00f0stefnunnar. Athylgi er vakin \u00e1 \u00fev\u00ed a\u00f0 grei\u00f0a \u00fearf r\u00e1\u00f0stefnugjald og skr\u00e1 sig \u00e1 sj\u00e1lfa r\u00e1\u00f0stefnuna.<\/p>","protected":false},"excerpt":{"rendered":"<p>Enterprise Europe Network heldur fyrirt\u00e6kjastefnum\u00f3t \u00ed tengslum vi\u00f0 jar\u00f0varmar\u00e1\u00f0stefnuna, Iceland Geothermal Conference \u00ed H\u00f6rpu 30. ma\u00ed 2024. Orkuklasinn hefur veg og vanda af r\u00e1\u00f0stefnuhaldinu, en h\u00fan er a\u00f0 jafna\u00f0i haldin [&hellip;]<\/p>\n","protected":false},"author":4,"featured_media":1016,"template":"","meta":{"_acf_changed":false,"_tribe_events_status":"","_tribe_events_status_reason":"","footnotes":""},"tags":[24,33],"tribe_events_cat":[32],"class_list":["post-1510","tribe_events","type-tribe_events","status-publish","has-post-thumbnail","hentry","tag-b2bmatchmaking","tag-fyrirtaekjastefnumot","tribe_events_cat-dagatal","cat_dagatal"],"acf":[],"_links":{"self":[{"href":"https:\/\/een.is\/en\/wp-json\/wp\/v2\/tribe_events\/1510","targetHints":{"allow":["GET"]}}],"collection":[{"href":"https:\/\/een.is\/en\/wp-json\/wp\/v2\/tribe_events"}],"about":[{"href":"https:\/\/een.is\/en\/wp-json\/wp\/v2\/types\/tribe_events"}],"author":[{"embeddable":true,"href":"https:\/\/een.is\/en\/wp-json\/wp\/v2\/users\/4"}],"version-history":[{"count":6,"href":"https:\/\/een.is\/en\/wp-json\/wp\/v2\/tribe_events\/1510\/revisions"}],"predecessor-version":[{"id":1527,"href":"https:\/\/een.is\/en\/wp-json\/wp\/v2\/tribe_events\/1510\/revisions\/1527"}],"wp:featuredmedia":[{"embeddable":true,"href":"https:\/\/een.is\/en\/wp-json\/wp\/v2\/media\/1016"}],"wp:attachment":[{"href":"https:\/\/een.is\/en\/wp-json\/wp\/v2\/media?parent=1510"}],"wp:term":[{"taxonomy":"post_tag","embeddable":true,"href":"https:\/\/een.is\/en\/wp-json\/wp\/v2\/tags?post=1510"},{"taxonomy":"tribe_events_cat","embeddable":true,"href":"https:\/\/een.is\/en\/wp-json\/wp\/v2\/tribe_events_cat?post=1510"}],"curies":[{"name":"wp","href":"https:\/\/api.w.org\/{rel}","templated":true}]}}

Fyrirtækjastefnumót á Iceland Geothermal Conference 2024

<p>Enterprise Europe Network heldur fyrirtækjastefnumót í tengslum við jarðvarmaráðstefnuna, Iceland Geothermal Conference í Hörpu 30. maí 2024. Orkuklasinn hefur veg og vanda af ráðstefnuhaldinu, en hún er að jafnaði haldin á 2-3 ára fresti. Þetta er í fimmta sinn sem hún er haldin hér á landi og er ráðstefnan þegar orðin einn helsti umræðuvettvangur jarðvarma og endurnýjanlegrar orku í heiminum í dag.</p>
<p>Fyrirtækjastefnumótið er gjaldfrjálst og er sérstök skráning á viðburðinn í gegnum vefsíðu IGC ráðstefnunnar. Athylgi er vakin á því að greiða þarf ráðstefnugjald og skrá sig á sjálfa ráðstefnuna.</p>

<p>Enterprise Europe Network heldur fyrirtækjastefnumót í tengslum við jarðvarmaráðstefnuna, Iceland Geothermal Conference í Hörpu 30. maí 2024. Orkuklasinn hefur veg og vanda af ráðstefnuhaldinu, en hún er að jafnaði haldin [&hellip;]</p>
